when 430788 is divided by 80.
68
What is the remainder when 536219 is divided by 810?
809
What is the remainder when 43355 is divided by 149?
145
What is the remainder when 6026809 is divided by 44?
41
What is the remainder when 1459 is divided by 603?
253
What is the remainder when 34937 is divided by 48?
41
What is the remainder when 8717 is divided by 484?
5
Calculate the remainder when 99134 is divided by 62.
58
What is the remainder when 31362 is divided by 627?
12
Calculate the remainder when 7664 is divided by 1286.
1234
Calculate the remainder when 572733 is divided by 14.
7
What is the remainder when 4022 is divided by 337?
315
Calculate the remainder when 3237 is divided by 59.
51
Calculate the remainder when 12385 is divided by 92.
57
What is the remainder when 99260 is divided by 152?
4
Calculate the remainder when 79765 is divided by 7976.
5
Calculate the remainder when 617484 is divided by 13.
10
What is the remainder when 5450 is divided by 168?
74
Calculate the remainder when 12047 is divided by 1304.
311
What is the remainder when 2810 is divided by 1393?
24
Calculate the remainder when 9428 is divided by 24.
20
Calculate the remainder when 2261 is divided by 165.
116
Calculate the remainder when 39965 is divided by 712.
93
Calculate the remainder when 5935 is divided by 108.
103
What is the remainder when 38255 is divided by 250?
5
Calculate the remainder when 932247 is divided by 288.
279
Calculate the remainder when 9354 is divided by 240.
234
What is the remainder when 7167 is divided by 184?
175
What is the remainder when 13831 is divided by 193?
128
Calculate the remainder when 9052 is divided by 2985.
97
Calculate the remainder when 2878 is divided by 208.
174
Calculate the remainder when 58337 is divided by 129.
29
Calculate the remainder when 44994 is divided by 116.
102
Calculate the remainder when 2310977 is divided by 193.
188
Calculate the remainder when 2640 is divided by 829.
153
Calculate the remainder when 34359 is divided by 1716.
39
Calculate the remainder when 7306 is divided by 318.
310
What is the remainder when 3328 is divided by 490?
388
Calculate the remainder when 59468 is divided by 19725.
293
What is the remainder when 20194 is divided by 109?
29
Calculate the remainder when 8037 is divided by 804.
801
What is the remainder when 19731 is divided by 234?
75
Calculate the remainder when 3291 is divided by 235.
1
What is the remainder when 6592 is divided by 203?
96
What is the remainder when 2734 is divided by 52?
30
What is the remainder when 919 is divided by 79?
50
Calculate the remainder when 13271 is divided by 3162.
623
What is the remainder when 50569 is divided by 232?
225
Calculate the remainder when 19387 is divided by 35.
32
What is the remainder when 1640 is divided by 414?
398
What is the remainder when 40350 is divided by 76?
70
What is the remainder when 33306 is divided by 1752?
18
Calculate the remainder when 793 is divided by 131.
7
Calculate the remainder when 6554 is divided by 221.
145
Calculate the remainder when 63201 is divided by 31.
23
What is the remainder when 531 is divided by 161?
48
What is the remainder when 15605 is divided by 131?
16
What is the remainder when 2906 is divided by 109?
72
Calculate the remainder when 6773 is divided by 54.
23
What is the remainder when 3140 is divided by 119?
46
Calculate the remainder when 7008 is divided by 464.
48
What is the remainder when 189894 is divided by 4128?
6
Calculate the remainder when 109496 is divided by 468.
452
What is the remainder when 11386 is divided by 5684?
18
What is the remainder when 610408 is divided by 8?
0
What is the remainder when 1858 is divided by 645?
568
Calculate the remainder when 1618043 is divided by 107.
96
What is the remainder when 4660 is divided by 2783?
1877
What is the remainder when 7705 is divided by 72?
1
Calculate the remainder when 70358 is divided by 39.
2
Calculate the remainder when 1346399 is divided by 374.
373
Calculate the remainder when 12565 is divided by 89.
16
What is the remainder when 12736 is divided by 439?
5
What is the remainder when 6811 is divided by 355?
66
What is the remainder when 903 is divided by 289?
36
Calculate the remainder when 1424284 is divided by 712138.
8
Calculate the remainder when 473524 is divided by 474.
472
What is the remainder when 17904 is divided by 74?
70
Calculate the remainder when 5425 is divided by 27.
25
What is the remainder when 20491 is divided by 4098?
1
Calculate the remainder when 2037239 is divided by 5.
4
Calculate the remainder when 1475 is divided by 348.
83
Calculate the remainder when 15851 is divided by 35.
31
Calculate the remainder when 248217 is divided by 42.
39
Calculate the remainder when 250334 is divided by 35746.
112
What is the remainder when 66201 is divided by 7?
2
What is the remainder when 16738 is divided by 43?
11
Calculate the remainder when 2616 is divided by 261.
6
Calculate the remainder when 76518 is divided by 85.
18
What is the remainder when 3560013 is divided by 3?
0
What is the remainder when 9590 is divided by 534?
512
Calculate the remainder when 138869 is divided by 978.
971
Calculate the remainder when 82369 is divided by 50.
19
Calculate the remainder when 25296 is divided by 182.
180
Calculate the remainder when 7370 is divided by 360.
170
What is the remainder when 505274 is divided by 59?
57
Calculate the remainder when 56081 is divided by 171.
164
Calculate the remainder when 1009 is divided by 82.
25
What is the remainder when 16613 is divided by 71?
70
What is the remainder when 47029 is divided by 1093?
30
What is the remainder when 39347 is divided by 94?
55
Calculate the remainder when 13162 is divided by 600.
562
What is the remainder when 790 is divided by 193?
18
Calculate the remainder when 17532 is divided by 17371.
161
What is the remainder when 9366 is divided by 419?
148
What is the remainder when 235388 is divided by 529?
512
What is the remainder when 192668 is divided by 10?
8
What is the remainder when 2240 is divided by 446?
10
What is the remainder when 183482 is divided by 61127?
101
Calculate the remainder when 911 is divided by 84.
71
What is the remainder when 8464 is divided by 635?
209
Calculate the remainder when 1989 is divided by 981.
27
Calculate the remainder when 972168 is divided by 2118.
6
What is the remainder when 2122144 is divided by 18?
16
What is the remainder when 2319 is divided by 334?
315
What is the remainder when 6367 is divided by 515?
187
Calculate the remainder when 8118 is divided by 166.
150
Calculate the remainder when 1601 is divided by 51.
20
Calculate the remainder when 34054 is divided by 32.
6
Calculate the remainder when 3237 is divided by 1378.
481
What is the remainder when 66009 is divided by 11?
9
Calculate the remainder when 2759 is divided by 1213.
333
Calculate the remainder when 4870 is divided by 78.
34
Calculate the remainder when 225412 is divided by 166.
150
Calculate the remainder when 70 is divided by 10.
0
What is the remainder when 132142 is divided by 4129?
14
Calculate the remainder when 7236 is divided by 23.
14
Calculate the remainder when 337185 is divided by 52.
17
Calculate the remainder when 225 is divided by 137.
88
Calculate the remainder when 1918 is divided by 172.
26
What is the remainder when 126885 is divided by 664?
61
What is the remainder when 68286 is divided by 15?
6
What is the remainder when 5302 is divided by 965?
477
Calculate the remainder when 29798 is divided by 289.
31
Calculate the remainder when 1762 is divided by 112.
82
Calculate the remainder when 645 is divided by 271.
103
Calculate the remainder when 2270 is divided by 1057.
156
Calculate the remainder when 1083092 is divided by 1427.
1426
Calculate the remainder when 3866 is divided by 64.
26
Calculate the remainder when 1813 is divided by 189.
112
Calculate the remainder when 14212 is divided by 3352.
804
What is the remainder when 1002 is divided by 117?
66
Calculate the remainder when 232555 is divided by 89.
87
Calculate the remainder when 203761 is divided by 93.
91
Calculate the remainder when 2217 is divided by 739.
0
Calculate the remainder when 110440 is divided by 699.
697
What is the remainder when 348244 is divided